1097.
1097
What are the prime factors of 10627?
10627
What are the prime factors of 25557?
3, 7, 1217
List the prime factors of 381.
3, 127
List the prime factors of 57032.
2, 7129
List the prime factors of 7225.
5, 17
List the prime factors of 22265.
5, 61, 73
List the prime factors of 269.
269
List the prime factors of 9669.
3, 11, 293
What are the prime factors of 791?
7, 113
List the prime factors of 708.
2, 3, 59
List the prime factors of 14875.
5, 7, 17
List the prime factors of 3766.
2, 7, 269
What are the prime factors of 1564?
2, 17, 23
What are the prime factors of 6232?
2, 19, 41
List the prime factors of 324.
2, 3
List the prime factors of 28828.
2, 7207
What are the prime factors of 2008?
2, 251
What are the prime factors of 12363?
3, 13, 317
What are the prime factors of 35690?
2, 5, 43, 83
What are the prime factors of 1222?
2, 13, 47
What are the prime factors of 5506?
2, 2753
What are the prime factors of 1032?
2, 3, 43
What are the prime factors of 5760?
2, 3, 5
What are the prime factors of 1970?
2, 5, 197
List the prime factors of 320.
2, 5
What are the prime factors of 41355?
3, 5, 919
List the prime factors of 24141.
3, 13, 619
List the prime factors of 1193.
1193
List the prime factors of 43446.
2, 3, 13, 557
What are the prime factors of 19413?
3, 719
List the prime factors of 2912.
2, 7, 13
What are the prime factors of 7316?
2, 31, 59
List the prime factors of 4748.
2, 1187
What are the prime factors of 433?
433
List the prime factors of 433.
433
What are the prime factors of 161529?
3, 23, 2341
List the prime factors of 1222.
2, 13, 47
What are the prime factors of 2875?
5, 23
List the prime factors of 694.
2, 347
What are the prime factors of 1181?
1181
What are the prime factors of 8919?
3, 991
List the prime factors of 30549.
3, 17, 599
List the prime factors of 25744.
2, 1609
What are the prime factors of 3878?
2, 7, 277
List the prime factors of 19797.
3, 6599
What are the prime factors of 3286?
2, 31, 53
What are the prime factors of 143556?
2, 3, 7, 1709
What are the prime factors of 638?
2, 11, 29
List the prime factors of 1508.
2, 13, 29
List the prime factors of 1905.
3, 5, 127
List the prime factors of 173024.
2, 5407
What are the prime factors of 3625?
5, 29
List the prime factors of 3082.
2, 23, 67
List the prime factors of 14945.
5, 7, 61
List the prime factors of 9667.
7, 1381
What are the prime factors of 26491?
59, 449
List the prime factors of 1515.
3, 5, 101
List the prime factors of 579.
3, 193
What are the prime factors of 10706?
2, 53, 101
List the prime factors of 2330.
2, 5, 233
List the prime factors of 40810.
2, 5, 7, 11, 53
List the prime factors of 1276.
2, 11, 29
What are the prime factors of 154?
2, 7, 11
List the prime factors of 40195.
5, 8039
What are the prime factors of 4280?
2, 5, 107
What are the prime factors of 13381?
13381
What are the prime factors of 1614?
2, 3, 269
What are the prime factors of 4355?
5, 13, 67
List the prime factors of 5414.
2, 2707
List the prime factors of 38702.
2, 37, 523
What are the prime factors of 4430?
2, 5, 443
What are the prime factors of 3890?
2, 5, 389
What are the prime factors of 465?
3, 5, 31
List the prime factors of 3861.
3, 11, 13
What are the prime factors of 928?
2, 29
List the prime factors of 733.
733
What are the prime factors of 4665?
3, 5, 311
List the prime factors of 4204.
2, 1051
List the prime factors of 38728.
2, 47, 103
List the prime factors of 1992.
2, 3, 83
What are the prime factors of 32520?
2, 3, 5, 271
List the prime factors of 304.
2, 19
What are the prime factors of 38772?
2, 3, 359
List the prime factors of 43371.
3, 61, 79
List the prime factors of 4587.
3, 11, 139
List the prime factors of 1799.
7, 257
What are the prime factors of 2933?
7, 419
What are the prime factors of 44633?
44633
List the prime factors of 13273.
13, 1021
What are the prime factors of 98141?
17, 23, 251
What are the prime factors of 317?
317
List the prime factors of 2808.
2, 3, 13
List the prime factors of 294.
2, 3, 7
List the prime factors of 515.
5, 103
List the prime factors of 256.
2
What are the prime factors of 1303?
1303
What are the prime factors of 627?
3, 11, 19
List the prime factors of 1094.
2, 547
What are the prime factors of 4680?
2, 3, 5, 13
List the prime factors of 484.
2, 11
What are the prime factors of 3572?
2, 19, 47
List the prime factors of 1317.
3, 439
List the prime factors of 51263.
51263
List the prime factors of 8839.
8839
List the prime factors of 6146.
2, 7, 439
List the prime factors of 135212.
2, 7, 11, 439
What are the prime factors of 74680?
2, 5, 1867
List the prime factors of 588.
2, 3, 7
List the prime factors of 778.
2, 389
What are the prime factors of 3038?
2, 7, 31
What are the prime factors of 18404?
2, 43, 107
What are the prime factors of 19348?
2, 7, 691
List the prime factors of 14237.
23, 619
List the prime factors of 2110.
2, 5, 211
List the prime factors of 3261.
3, 1087
What are the prime factors of 681?
3, 227
List the prime factors of 27706.
2, 7, 1979
What are the prime factors of 1785?
3, 5, 7, 17
What are the prime factors of 1985?
5, 397
List the prime factors of 300.
2, 3, 5
What are the prime factors of 4930?
2, 5, 17, 29
List the prime factors of 1312.
2, 41
What are the prime factors of 41753?
43, 971
List the prime factors of 6806.
2, 41, 83
List the prime factors of 14535.
3, 5, 17, 19
What are the prime factors of 17689?
7, 19
List the prime factors of 49911.
3, 127, 131
List the prime factors of 851.
23, 37
What are the prime factors of 20972?
2, 7, 107
What are the prime factors of 472?
2, 59
What are the prime factors of 33806?
2, 16903
What are the prime factors of 62505?
3, 5, 463
What are the prime factors of 11297?
11, 13, 79
What are the prime factors of 1338?
2, 3, 223
What are the prime factors of 10602?
2, 3, 19, 31
What are the prime factors of 1022?
2, 7, 73
What are the prime factors of 12265?
5, 11, 223
What are the prime factors of 13549?
17, 797
List the prime factors of 1259.
1259
What are the prime factors of 34893?
3, 3877
What are the prime factors of 11628?
2, 3, 17, 19
What are the prime factors of 185?
5, 37
List the prime factors of 16878.
2, 3, 29, 97
What are the prime factors of 7801?
29, 269
List the prime factors of 6824.
2, 853
List the prime factors of 4005.
3, 5, 89
What are the prime factors of 122105?
5, 24421
What are the prime factors of 1870?
2, 5, 11, 17
List the prime factors of 2992.
2, 11, 17
List the prime factors of 658.
2, 7, 47
List the prime factors of 5610.
2, 3, 5, 11, 17
What are the prime factors of 26888?
2, 3361
List the prime factors of 1555.
5, 311
List the prime factors of 1221.
3, 11, 37
List the prime factors of 9185.
5, 11, 167
What are the prime factors of 1130?
2, 5, 113
List the prime factors of 69.
3, 23
What are the prime factors of 745?
5, 149
What are the prime factors of 16398?
2, 3, 911
What are the prime factors of 6883?
6883
What are the prime factors of 52457?
52457
List the prime factors of 117.
3, 13
What are the prime factors of 26403?
3, 13, 677
What are the prime factors of 18884?
2, 4721
List the prime factors of 175735.
5, 7, 5021
List the prime factors of 8806.
2, 7, 17, 37
What are the prime factors of 108?
2, 3
What are the prime factors of 21754?
2, 73, 149
What are the prime factors of 837?
3, 31
What are the prime factors of 3638?
2, 17, 107
What are the prime factors of 4642?
2, 11, 211
List the prime factors of 51630.
2, 3, 5, 1721
List the prime factors of 17503.
23, 761
What are the prime factors of 336?
2, 3, 7
What are the prime factors of 1020?
2, 3, 5, 17
What are the prime factors of 1164?
2, 3, 97
List the prime factors of 11090.
2, 5, 1109
List the prime factors of 46005.
3, 5, 3067
List the prime factors of 1935.
3, 5, 43
List the prime factors of 22278.
2, 3, 47, 79
List the prime factors of 5512.
2, 13, 53
List the prime factors of 10531.
10531
What are the prime factors of 1770?
2, 3, 5, 59
What are the prime factors of 803?
11, 73
What are the prime factors of 5725?
5, 229
What are the prime factors of 5863?
11, 13, 41
List the prime factors of 1148.
2, 7, 41
List the prime factors of 29.
29
List the prime factors of 107265.
3, 5, 7151
What are the prime factors of 18913?
1